 of g?
3, 467
Let g = 1897 - 865. List the prime factors of g.
2, 3, 43
Suppose -j = -o - 3*j + 3, 5*o - 15 = -4*j. Suppose 0*h + o*h = 12. Suppose -46 - 18 = -h*t. What are the prime factors of t?
2
Suppose -m + c = 59, -c = -m - 2*m - 187. Let l = m - -106. Suppose 5 = k - l. What are the prime factors of k?
47
What are the prime factors of (367 - 3/(9/(-15))) + 2?
2, 11, 17
Let p(u) be the first derivative of u**4/4 - 4*u**3/3 - 5*u + 4. List the prime factors of p(5).
2, 5
Let z = 1021 + -561. What are the prime factors of z?
2, 5, 23
Let v = -20 - -19. Let w be (108 - v)/((-15)/(-15)). Let k = w + -77. What are the prime factors of k?
2
Let y = -59 + 116. Let x = -21 + y. List the prime factors of x.
2, 3
Let f(m) = m**3 - 7*m**2 + 17*m - 12. Let w be f(5). Let y = w - -1. List the prime factors of y.
2, 3
What are the prime factors of (-174)/(-54) + -3 + 24548/18?
2, 11, 31
Suppose -9*p + 2397 = -2391. Suppose 4*n + 3*n = p. What are the prime factors of n?
2, 19
Let j be 2/(-3) + (-348)/(-36). Suppose -3 = -3*p + j. Suppose -p*d - d = -100. List the prime factors of d.
2, 5
What are the prime factors of 8/(2 + 168/(-87))?
2, 29
Let q(x) = x**3 - 10*x**2 - 2*x + 14. Let n be q(10). Let w(s) = s + 8. Let f be w(n). Suppose 3*m + 5*l = f*l + 63, 0 = 5*l. What are the prime factors of m?
3, 7
Let i(o) = -9*o - 58. Let m be -2*5 - (-5 + 4). List the prime factors of i(m).
23
List the prime factors of (58 + -50)/(1/58).
2, 29
Let q(j) = j + 5. Let c be q(-5). Suppose c = y - 4 + 1. Suppose y - 13 = -x - 3*d, x - 5*d = 26. What are the prime factors of x?
2
Let d = -61 - -45. Let o(u) = -2*u + 44. What are the prime factors of o(d)?
2, 19
Let w(y) = -y**3 + 13*y**2 + 17*y - 4. Suppose 2*r = 5*l - 68, -5*l = -3*r - 0*r - 67. What are the prime factors of w(l)?
2, 19
Let f = 1726 + -597. What are the prime factors of f?
1129
Suppose 0 = -2*f - 3*o + 15, 0*f - 3*o + 15 = f. Suppose f*i - i = 53. Let l = -32 - i. List the prime factors of l.
3, 7
Suppose -4*o = 13*o - 85. Suppose 0 = 4*i + o*i - 1854. List the prime factors of i.
2, 103
Let q = -279 - -398. Let y = 1 + q. What are the prime factors of (y/(-14))/(-5)*7?
2, 3
Let t(l) = 13*l + 9. Let r(f) = 19*f + 13. Let h(g) = 5*r(g) - 7*t(g). What are the prime factors of h(3)?
2, 7
Suppose 0 = -3*z + 1 + 14. Let y be (-4)/10 + 2/z. Suppose y = -2*v - v + 2*k + 95, 4*v - 4*k = 124. What are the prime factors of v?
3, 11
Suppose 7*a + 4*x - 2403 = 2*a, 0 = a + 4*x - 487. List the prime factors of a.
479
Let r(n) = 114*n**2 + 34*n + 151. What are the prime factors of r(-4)?
3, 613
Let m be (12/42)/(2/14). What are the prime factors of 2/(-4) + (-5)/m + 45?
2, 3, 7
Suppose 14 = 2*g - 2*q, 4*q = 2*g - 23 + 3. Suppose k + 14 = g*h, 0 = -5*h - 5*k + 3 + 2. Suppose -h*w + 21 + 12 = 0. List the prime factors of w.
11
Let z(w) = 8*w**2 - 20*w - 23. List the prime factors of z(-8).
11, 59
Let v(x) = 5*x**2 + 0 + 0 + 2 - 1 - 4*x. What are the prime factors of v(3)?
2, 17
Let v(q) = 6*q - 2. Let x be v(1). Suppose 0 = -3*w + 2 + x. Suppose -3*u + 0*u + 7 = w*d, 5*u - 3*d = 18. List the prime factors of u.
3
Suppose -2545 = -10*f - 975. List the prime factors of f.
157
Let h be 28/12 + 1/(-3). Suppose -3*c + 17 = h*a, 23 = 2*a + 5*c - 0*c. What are the prime factors of 146/a + 18/(-12)?
5, 7
Let b = 47 - 11. Let x be -2 + (-18)/(-6) + 3. Suppose -j + x*j = b. List the prime factors of j.
2, 3
Let f = 357 + -99. List the prime factors of f.
2, 3, 43
Let l(o) = 2*o**2 + 2. Let j(t) = -t**2 - 1. Let r(k) = -6*j(k) - 2*l(k). Let d be r(-2). Let b = d - 3. List the prime factors of b.
7
Let j(n) = 20*n**2 + 26*n - 15. What are the prime factors of j(-7)?
3, 29
Let y(m) = -m**3 - 3*m**2 + m + 2. Suppose -g + 18 = -q + 4*g, 3*q = g - 12. Let c be y(q). Let a(i) = -70*i**3 + 2*i + 2. List the prime factors of a(c).
2, 5, 7
Let j(b) = 7*b**3 + 3*b**2 + 6*b + 4. Let i be j(-1). List the prime factors of (0 + 4/i)*(17 + -143).
2, 3, 7
List the prime factors of ((-8)/(-16))/(4/5864).
733
Let s be 10/40 + 510/8. Suppose -3*n = -2*n - s. Suppose 0*j = 4*r + 3*j - n, -2*r + 54 = -4*j. What are the prime factors of r?
19
Let z be (-6)/(-2) + -11 + 8. Suppose z = -4*x - 2*j + 2, -4*x = x - 4*j - 35. What are the prime factors of 2/(2/(x - -19))?
2, 11
Let s = -946 - -1395. What are the prime factors of s?
449
Let p(k) = 8*k**3 - 2*k. Let t(h) = 1 + h - h**3 + 6*h - 6*h. Let n(b) = -p(b) - 2*t(b). List the prime factors of n(-2).
2, 23
Let v = 193 - 105. Suppose 5*r - t = 291, 3*r - v = 3*t + 77. What are the prime factors of r?
59
Let r be -13*(-6 - 0) + (3 - 0). Suppose -2*j - 50 = -j. Let y = j + r. What are the prime factors of y?
31
Suppose 2 = -j + 3*j. What are the prime factors of (29 + -30)/(j/(-131))?
131
Let j = -1439 - -3678. What are the prime factors of j?
2239
Let i = 610 + -311. List the prime factors of i.
13, 23
Let v be 4/4 - (-270 + -2). Suppose -177 - v = -3*o. List the prime factors of o.
2, 3, 5
Let f(k) = -39*k + 134. List the prime factors of f(2).
2, 7
Let h be (45 - (-4 + 1)) + 3. Suppose -f - h = -4*f. What are the prime factors of f?
17
List the prime factors of (-15)/(-5) + -4 - -2148.
19, 113
Let a = 19 + -19. Suppose -5*i - 225 + 660 = a. List the prime factors of i.
3, 29
Let l be -1 + 0 + 1 + -3. Suppose -57 = -5*f + z, 3*z = 4*f + f - 51. What are the prime factors of (l + (-22)/(-4))*f?
2, 3, 5
Let x be 111/18 + (-1)/6. Suppose -x*a + 294 = -0*a. List the prime factors of a.
7
Suppose 0 = -y - 4*k - 1 - 27, 4*y + 150 = 3*k. Let v = y + 69. Suppose -v = -3*c - n, 0 = -c - 2*n + 22 - 6. What are the prime factors of c?
2, 5
Suppose u + 4*t + 137 = -0*u, 2*u = -4*t - 286. Let k = -59 - u. What are the prime factors of k?
2, 3, 5
Let r(p) = -p**3 + 3*p**2 + 5*p - 6. What are the prime factors of r(-4)?
2, 43
Let k = 100 - -120. What are the prime factors of k?
2, 5, 11
Let f(q) = 88*q**2 + 24*q - 120. List the prime factors of f(5).
2, 5, 11
Let a(x) = x + 71. Let w be a(17). Let u = w + -64. List the prime factors of u.
2, 3
Let l(h) = h - 9. Let d be l(3). Let b be 15/d*(-8)/10. Suppose -5*k - 5 = 0, -b*m + 3*m - 36 = -4*k. List the prime factors of m.
2, 5
List the prime factors of 4 - 10 - (-2115 - 19).
2, 7, 19
Suppose -206*k + 15092 = -195*k. What are the prime factors of k?
2, 7
Let z(q) = 1710*q + 33. List the prime factors of z(2).
3, 1151
Suppose -14*y - 10*y = 18*y. Let g(f) = 36*f - 4. Let v be g(5). Suppose y = -4*a - 20 + v. What are the prime factors of a?
3, 13
Let c(a) = -74*a**3 + a**2 + a - 4. What are the prime factors of c(-3)?
2, 5
Suppose -55 - 41 = -2*v. Let y = 0 + v. Suppose 30 = 4*k + 2*n - y, 4*k - n - 69 = 0. List the prime factors of k.
2, 3
Let r = -37 + 27. Let x be 3/6 + (-355)/r. Suppose -x = -8*b + 2*b. List the prime factors of b.
2, 3
Suppose 0 = -c - 4*g + 71 + 185, -3*g = 5*c - 1297. Suppose -c = -l - 3*l - 3*q, -5*q - 292 = -4*l. What are the prime factors of l?
2, 17
Let z = 8 - -22. Let a = -26 + z. Suppose 2*q = -a*j + 124, -4*j - 3*q + 5*q + 124 = 0. List the prime factors of j.
31
Suppose 5*a = 2*m - 306, -5*a + 450 = 3*m - 8*a. What are the prime factors of m?
2, 37
Let l(r) = 10*r**2 - 5. List the prime factors of l(-6).
5, 71
Let b = 9466 + -4519. List the prime factors of b.
3, 17, 97
List the prime factors of (-12)/(-18) - 1378/(-3).
2, 5, 23
Suppose -2936 = -3*p + 730. List the prime factors of p.
2, 13, 47
Suppose h - 2 = 6. Let j be 18/(-12)*h/(-6). Suppose f + 3*f - 8 = j*r, 2*r = -4*f + 24. List the prime factors of f.
2
Suppose 5*a + 25 = 3*d - 6*d, -15 = d + 3*a. Suppose -3*j + q + 3*q + 14 = 0, -4*q - 8 = d. Let x(t) = 18*t**2 - 3*t. List the prime factors of x(j).
2, 3, 11
Let w(b) be the first derivative of 5*b**2 - 5*b + 6. List the prime factors of w(2).
3, 5
Let g(q) = -q + 7. Let d be g(5). Let c = d + 0. What are the prime factors of (-29)/c*(-2 - 0)?
29
Let b(r) = 20*r**3 + 23*r**2 - 11*r - 5. List the prime factors of b(5).
3, 5, 67
What are the prime factors of ((-43)/3)/(3/(-297))?
3, 11, 43
Let u = 44 - 18. Suppose 0 = 2*i + 4*n - 46, -2*i + i - n + u = 0. List the prime factors of i.
29
Let z(s) = s**2 + 14*s - 10. Let l be z(-15). Suppose 0 = r - 3*h - 28, -l*r - 3*h + 100 = 2*h. What are the prime factors of r?
2, 11
L